{"id":9,"date":"2016-08-02T12:11:14","date_gmt":"2016-08-02T10:11:14","guid":{"rendered":"http:\/\/www.buchau.be\/houston2016\/?page_id=9"},"modified":"2016-08-02T12:11:14","modified_gmt":"2016-08-02T10:11:14","slug":"a-propos","status":"publish","type":"page","link":"https:\/\/www.buchau.be\/houston2016\/a-propos\/","title":{"rendered":"\u00c0 propos&#8230;"},"content":{"rendered":"<p>Blog de voyage de Ben &amp; Marie \u00e0 <em>Los Angeles<\/em> et <em>Houston<\/em>, fin 2016<br \/>\nCe blog fait partie d&rsquo;un ensemble de blogs r\u00e9pertori\u00e9s <a href=\"http:\/\/buchau.be\/traveltimeline\">ici<\/a>.<\/p>\n","protected":false},"excerpt":{"rendered":"<p>Blog de voyage de Ben &amp; Marie \u00e0 Los Angeles et Houston, fin 2016 Ce blog fait partie d&rsquo;un ensemble de blogs r\u00e9pertori\u00e9s ici.<\/p>\n","protected":false},"author":1,"featured_media":0,"parent":0,"menu_order":0,"comment_status":"closed","ping_status":"closed","template":"","meta":{"footnotes":""},"class_list":["post-9","page","type-page","status-publish","hentry","missing-thumbnail"],"_links":{"self":[{"href":"https:\/\/www.buchau.be\/houston2016\/wp-json\/wp\/v2\/pages\/9","targetHints":{"allow":["GET"]}}],"collection":[{"href":"https:\/\/www.buchau.be\/houston2016\/wp-json\/wp\/v2\/pages"}],"about":[{"href":"https:\/\/www.buchau.be\/houston2016\/wp-json\/wp\/v2\/types\/page"}],"author":[{"embeddable":true,"href":"https:\/\/www.buchau.be\/houston2016\/wp-json\/wp\/v2\/users\/1"}],"replies":[{"embeddable":true,"href":"https:\/\/www.buchau.be\/houston2016\/wp-json\/wp\/v2\/comments?post=9"}],"version-history":[{"count":1,"href":"https:\/\/www.buchau.be\/houston2016\/wp-json\/wp\/v2\/pages\/9\/revisions"}],"predecessor-version":[{"id":10,"href":"https:\/\/www.buchau.be\/houston2016\/wp-json\/wp\/v2\/pages\/9\/revisions\/10"}],"wp:attachment":[{"href":"https:\/\/www.buchau.be\/houston2016\/wp-json\/wp\/v2\/media?parent=9"}],"curies":[{"name":"wp","href":"https:\/\/api.w.org\/{rel}","templated":true}]}}